What are the prime factors of 4004?
2, 7, 11, 13
List the prime factors of 127637.
127637
List the prime factors of 4149.
3, 461
List the prime factors of 5176.
2, 647
What are the prime factors of 42264?
2, 3, 587
List the prime factors of 2515.
5, 503
What are the prime factors of 18361?
7, 43, 61
What are the prime factors of 7560?
2, 3, 5, 7
What are the prime factors of 1342?
2, 11, 61
What are the prime factors of 18740?
2, 5, 937
What are the prime factors of 3595?
5, 719
What are the prime factors of 228?
2, 3, 19
List the prime factors of 92089.
17, 5417
What are the prime factors of 183?
3, 61
What are the prime factors of 2018?
2, 1009
What are the prime factors of 976?
2, 61
List the prime factors of 1955.
5, 17, 23
What are the prime factors of 1450?
2, 5, 29
What are the prime factors of 5987?
5987
What are the prime factors of 117937?
117937
What are the prime factors of 2142?
2, 3, 7, 17
List the prime factors of 105564.
2, 3, 19, 463
What are the prime factors of 39733?
39733
List the prime factors of 511.
7, 73
List the prime factors of 803.
11, 73
What are the prime factors of 14185?
5, 2837
What are the prime factors of 650?
2, 5, 13
List the prime factors of 6163.
6163
What are the prime factors of 2222?
2, 11, 101
List the prime factors of 5829.
3, 29, 67
List the prime factors of 1015.
5, 7, 29
List the prime factors of 9751.
7, 199
What are the prime factors of 6537?
3, 2179
List the prime factors of 9752.
2, 23, 53
List the prime factors of 678.
2, 3, 113
List the prime factors of 568.
2, 71
What are the prime factors of 14490?
2, 3, 5, 7, 23
List the prime factors of 38890.
2, 5, 3889
What are the prime factors of 1731?
3, 577
What are the prime factors of 62924?
2, 15731
List the prime factors of 1310.
2, 5, 131
What are the prime factors of 6115?
5, 1223
List the prime factors of 68865.
3, 5, 4591
What are the prime factors of 16606?
2, 19, 23
What are the prime factors of 22758?
2, 3, 3793
What are the prime factors of 31203?
3, 3467
List the prime factors of 2394.
2, 3, 7, 19
List the prime factors of 30866.
2, 11, 23, 61
List the prime factors of 2449.
31, 79
What are the prime factors of 1185?
3, 5, 79
What are the prime factors of 6054?
2, 3, 1009
What are the prime factors of 40523?
7, 827
List the prime factors of 3346.
2, 7, 239
List the prime factors of 74509.
74509
What are the prime factors of 1495?
5, 13, 23
What are the prime factors of 29753?
29753
List the prime factors of 31807.
17, 1871
What are the prime factors of 10439?
11, 13, 73
What are the prime factors of 2121?
3, 7, 101
What are the prime factors of 20824?
2, 19, 137
What are the prime factors of 3682?
2, 7, 263
List the prime factors of 1618.
2, 809
List the prime factors of 1015.
5, 7, 29
List the prime factors of 15736.
2, 7, 281
List the prime factors of 398.
2, 199
List the prime factors of 1873.
1873
What are the prime factors of 146162?
2, 107, 683
What are the prime factors of 49795?
5, 23, 433
What are the prime factors of 163?
163
List the prime factors of 2654.
2, 1327
What are the prime factors of 108807?
3, 36269
List the prime factors of 1113.
3, 7, 53
What are the prime factors of 1537?
29, 53
What are the prime factors of 18188?
2, 4547
What are the prime factors of 1889?
1889
What are the prime factors of 71936?
2, 281
What are the prime factors of 131753?
359, 367
List the prime factors of 2537.
43, 59
List the prime factors of 10466.
2, 5233
What are the prime factors of 2537?
43, 59
List the prime factors of 729.
3
List the prime factors of 42157.
42157
What are the prime factors of 22251?
3, 7417
List the prime factors of 40273.
17, 23, 103
What are the prime factors of 129?
3, 43
List the prime factors of 403.
13, 31
List the prime factors of 10704.
2, 3, 223
List the prime factors of 22838.
2, 19, 601
What are the prime factors of 1474?
2, 11, 67
What are the prime factors of 6398?
2, 7, 457
List the prime factors of 1098.
2, 3, 61
What are the prime factors of 26212?
2, 6553
What are the prime factors of 13962?
2, 3, 13, 179
List the prime factors of 3347.
3347
List the prime factors of 115.
5, 23
What are the prime factors of 19094?
2, 9547
What are the prime factors of 8664?
2, 3, 19
What are the prime factors of 17944?
2, 2243
What are the prime factors of 15692?
2, 3923
What are the prime factors of 12335?
5, 2467
List the prime factors of 12868.
2, 3217
List the prime factors of 329.
7, 47
List the prime factors of 36434.
2, 18217
List the prime factors of 1223.
1223
What are the prime factors of 4975?
5, 199
List the prime factors of 4561.
4561
List the prime factors of 751.
751
What are the prime factors of 43341?
3, 14447
What are the prime factors of 802?
2, 401
What are the prime factors of 43465?
5, 8693
What are the prime factors of 345?
3, 5, 23
What are the prime factors of 3954?
2, 3, 659
List the prime factors of 39274.
2, 73, 269
List the prime factors of 47430.
2, 3, 5, 17, 31
List the prime factors of 1517.
37, 41
What are the prime factors of 2928?
2, 3, 61
What are the prime factors of 9270?
2, 3, 5, 103
What are the prime factors of 19255?
5, 3851
List the prime factors of 3781.
19, 199
What are the prime factors of 355?
5, 71
List the prime factors of 3942.
2, 3, 73
List the prime factors of 13289.
97, 137
What are the prime factors of 7477?
7477
What are the prime factors of 93912?
2, 3, 7, 13, 43
What are the prime factors of 663?
3, 13, 17
What are the prime factors of 5492?
2, 1373
List the prime factors of 14941.
67, 223
What are the prime factors of 53837?
7, 7691
List the prime factors of 21844.
2, 43, 127
List the prime factors of 431.
431
What are the prime factors of 931?
7, 19
What are the prime factors of 1196?
2, 13, 23
List the prime factors of 312.
2, 3, 13
List the prime factors of 124.
2, 31
List the prime factors of 2727.
3, 101
What are the prime factors of 160294?
2, 80147
What are the prime factors of 72092?
2, 67, 269
What are the prime factors of 2725?
5, 109
List the prime factors of 318.
2, 3, 53
List the prime factors of 42.
2, 3, 7
List the prime factors of 46394.
2, 23197
List the prime factors of 2549.
2549
List the prime factors of 13969.
61, 229
List the prime factors of 2883.
3, 31
List the prime factors of 3.
3
What are the prime factors of 4793?
4793
List the prime factors of 31752.
2, 3, 7
What are the prime factors of 186?
2, 3, 31
List the prime factors of 85371.
3, 11, 13, 199
What are the prime factors of 69643?
7, 9949
List the prime factors of 1183.
7, 13
What are the prime factors of 10964?
2, 2741
What are the prime factors of 608?
2, 19
What are the prime factors of 13320?
2, 3, 5, 37
List the prime factors of 5226.
2, 3, 13, 67
What are the prime factors of 15430?
2, 5, 1543
What are the prime factors of 11473?
7, 11, 149
What are the prime factors of 34269?
3, 11423
List the prime factors of 4713.
3, 1571
What are the prime factors of 675?
3, 5
List the prime factors of 6289.
19, 331
List the prime factors of 384.
2, 3
List the prime factors of 3009.
3, 17, 59
What are the prime factors of 1692?
2, 3, 47
List the prime factors of 293.
293
List the prime factors of 364.
2, 7, 13
List the prime factors of 15720.
2, 3, 5, 131
List the prime factors of 2504.
2, 313
List the prime factors of 2757.
3, 919
List the prime factors of 1656.
2, 3, 23
List the prime factors of 6888.
2, 3, 7, 41
What are the prime factors of 23446?
2, 19, 617
What are the prime factors of 18870?
2, 3, 5, 17, 37
What are the prime factors of 5256?
2, 3, 73
List the prime factors of 21487.
21487
What are the prime factors of 43678?
2, 21839
What are the prime factors of 4902?
2, 3, 19, 43
List the prime factors of 532.
2, 7, 19
What are the prime factors of 30929?
157, 197
List the prime factors of 515.
5, 103
List the prime factors of 6039.
3, 11, 61
What are the prime factors of 26708?
2, 11, 607
What are the prime factors of 61968?
2, 3, 1291
List the prime factors of 2166.
2, 3, 19
List the prime factors of 4446.
2, 3, 13, 19
What are the prime factors of 38025?
3, 5, 13
List the prime factors of 34683.
3, 11, 1051
What are the prime factors of 1903?
11, 173
What are the prime factors of 3400?
2, 5, 17
List the prime factors of 6656.
2, 13
List the prime factors of 23250.